
False
Is 72500 a multiple of 6?
False
Is 21428 a multiple of 76?
False
Is 99 a factor of 380312?
False
Is 30579 even?
False
Does 784 divide 6774333?
False
Is 10 a factor of 135414?
False
Does 240 divide 1169248?
False
Is 33 a factor of 329076?
True
Does 2167 divide 16779081?
True
Is 897962 a multiple of 193?
False
Is 294074 a multiple of 11?
True
Does 26 divide 2457156?
True
Is 76442 a multiple of 12?
False
Does 102 divide 65736?
False
Does 29 divide 4502308?
True
Does 311 divide 703482?
True
Does 297 divide 660528?
True
Does 11 divide 556622?
True
Does 11 divide 96063?
True
Is 342 a factor of 8154755?
False
Is 1874 a factor of 8778463?
False
Is 103 a factor of 315489?
True
Does 77 divide 918716?
False
Is 6158396 a multiple of 20?
False
Does 25 divide 540550?
True
Is 409004 a multiple of 2?
True
Is 160050 a multiple of 25?
True
Is 28 a factor of 884991?
False
Does 48 divide 634820?
False
Is 171 a factor of 582597?
True
Is 410387 a multiple of 855?
False
Is 90632 a multiple of 151?
False
Does 175 divide 758975?
True
Is 220 a factor of 748302?
False
Is 133 a factor of 435196?
False
Is 81 a factor of 53379?
True
Is 33 a factor of 69069?
True
Is 16 a factor of 309152?
True
Is 272 a factor of 79341?
False
Is 338312 a multiple of 52?
True
Is 555450 a multiple of 15?
True
Does 2 divide 200723?
False
Does 30 divide 5705310?
True
Is 1595046 a multiple of 9?
False
Is 8 a factor of 1589682?
False
Does 28 divide 134595?
False
Does 22 divide 9426529?
False
Is 317 a factor of 3997699?
False
Does 74 divide 1103367?
False
Is 26169 a multiple of 8?
False
Is 35 a factor of 234908?
False
Is 75138 a multiple of 9?
False
Is 550 a factor of 149677?
False
Is 1239442 a multiple of 20?
False
Is 6 a factor of 21859?
False
Is 192 a factor of 284928?
True
Is 7886103 a multiple of 17?
False
Is 133 a factor of 32319?
True
Does 97 divide 262586?
False
Is 157357 a multiple of 273?
False
Does 28 divide 7284284?
True
Is 140580 a multiple of 99?
True
Does 14 divide 523894?
True
Does 14 divide 232988?
True
Is 8793 a multiple of 76?
False
Does 32 divide 654432?
True
Is 10 a factor of 356436?
False
Is 3116988 a multiple of 651?
True
Is 14 a factor of 229292?
True
Does 83 divide 130461?
False
Does 27 divide 1697949?
True
Does 216 divide 6492096?
True
Does 911 divide 112053?
True
Does 248 divide 1337456?
False
Does 300 divide 73800?
True
Does 17 divide 279177?
False
Is 507 a factor of 10316896?
False
Is 10 a factor of 350840?
True
Does 214 divide 6793828?
False
Is 3238820 a multiple of 712?
False
Does 261 divide 116053?
False
Is 4504872 a multiple of 184?
True
Is 12 a factor of 161631?
False
Is 242 a factor of 193684?
False
Is 3337178 a multiple of 634?
False
Is 99591 a multiple of 8?
False
Is 2790346 a multiple of 64?
False
Does 57 divide 125970?
True
Is 360 a factor of 71640?
True
Is 6380724 a multiple of 28?
True
Is 70 a factor of 326776?
False
Is 17 a factor of 895424?
True
Is 17 a factor of 754464?
False
Is 20 a factor of 5332593?
False
Is 586 a factor of 702028?
True
Is 70021 a multiple of 264?
False
Does 3 divide 89295?
True
Is 16 a factor of 639152?
True
Does 105 divide 1725465?
True
Is 16962 a multiple of 105?
False
Is 637 a factor of 4443101?
False
Is 23 a factor of 94941?
False
Is 4590 a multiple of 7?
False
Is 297 a factor of 556993?
False
Is 7909296 a multiple of 106?
True
Does 6 divide 23997?
False
Is 5 a factor of 60315?
True
Is 4 a factor of 30617?
False
Is 202 a factor of 423956?
False
Does 5 divide 351750?
True
Is 29 a factor of 795090?
False
Is 22 a factor of 13530?
True
Is 75 a factor of 11798597?
False
Is 1075926 a multiple of 129?
False
Does 101 divide 273321?
False
Does 13 divide 1029732?
False
Is 4206846 a multiple of 294?
True
Does 3 divide 9495?
True
Is 3862072 a multiple of 629?
False
Does 20 divide 142820?
True
Is 27495 a multiple of 55?
False
Is 239 a factor of 415036?
False
Is 322 a factor of 353878?
True
Is 553591 a multiple of 12?
False
Is 14 a factor of 1008831?
False
Does 95 divide 7344?
False
Does 38 divide 110846?
True
Does 107 divide 406731?
False
Is 453220 a multiple of 62?
True
Does 517 divide 1395247?
False
Does 15 divide 46200?
True
Is 4415570 a multiple of 19?
False
Does 995 divide 1245740?
True
Does 9 divide 220851?
True
Is 4123912 a multiple of 8?
True
Is 16 a factor of 748220?
False
Is 3333339 a multiple of 31?
False
Is 127 a factor of 283464?
True
Is 22 a factor of 523875?
False
Is 1040102 a multiple of 14?
True
Is 353 a factor of 667170?
True
Is 395782 a multiple of 11?
False
Is 128 a factor of 46665?
False
Is 273 a factor of 6586125?
True
Is 3533922 a multiple of 42?
True
Does 76 divide 143108?
True
Is 22 a factor of 11079442?
True
Is 249534 a multiple of 33?
False
Is 3 a factor of 486765?
True
Is 362557 a multiple of 59?
False
Is 2940 a multiple of 2?
True
Is 110 a factor of 4843850?
True
Is 30088 a multiple of 142?
False
Is 118 a factor of 2913791?
False
Is 7 a factor of 10150?
True
Is 3395 even?
False
Is 86970 a multiple of 39?
True
Is 39675568 a multiple of 11?
False
Does 2 divide 309823?
False
Is 61005 a multiple of 4?
False
Is 21735 a multiple of 233?
False
Is 17 a factor of 1209448?
True
Is 5 a factor of 278550?
True
Is 99 a factor of 785215?
False
Is 6210563 a multiple of 167?
True
Does 2 divide 1816156?
True
Is 4765260 a multiple of 430?
True
Is 97904 a multiple of 3?
False
Is 736073 a multiple of 25?
False
Does 305 divide 601765?
True
Is 426102 a multiple of 282?
True
Does 78 divide 210253?
False
Does 10 divide 157194?
False
Does 172 divide 404716?
True
Does 15 divide 207550?
False
Is 4959360 a multiple of 105?
True
Is 453432 a multiple of 24?
True
Is 64620 a multiple of 18?
True
Does 87 divide 3074493?
True
Is 5528 even?
True
Does 671 divide 2908785?
True
Is 14941720 a multiple of 436?
True
Is 783 a factor of 414207?
True
Is 13 a factor of 1570407?
False
Is 10 a factor of 233460?
True
Is 226 a factor of 134864?
False
Does 220 divide 4262630?
False
Does 174 divide 293221?
False
Does 97 divide 1787672?
False
Does 770 divide 9930690?
True
Is 892647 a multiple of 9?
True
Is 18635 a multiple of 5?
True
Is 19 a factor of 954958?
False
Is 1656962 a multiple of 22?
False
Is 135 a factor of 6482285?
False
Is 92651 a multiple of 4?
False
Does 103 divide 4213421?
True
Is 209050 a multiple of 17?
False
Is 3011000 a multiple of 1000?
True
Is 158126 a multiple of 34?
False
Is 1356684 a multiple of 12?
True
Is 1441624 a multiple of 13?
False
Is 578288 a multiple of 8?
True
Is 985109 a multiple of 11?
False
Is 242847 a multiple of 12?
False
Is 13631616 a multiple of 1152?
True
Does 247 divide 324926?
False
Does 55 divide 22644819?
False
Is 261 a factor of 317898?
True
Is 2581841 a multiple of 734?
False
Is 1938276 a multiple of 36?
True
Is 10 a factor of 1158060?
True
Does 35 divide 12873420?
True
Does 247 divide 867464?
True
Is 25433936 a multiple of 22?
True
Is 4 a factor of 1493388?
True
Is 14349 a multiple of 14?
False
Does 15 divide 107655?
True
Does 2 divide 129243?
False
Does 426 divide 466896?
True
Is 11183 a multiple of 11?
False
Does 29 divide 153169?
False
Does 9 divide 41004?
True
Does 1144 divide 5439416?
False
Is 285792 a multiple of 112?
False
Does 53 divide 761501?
False
Is 75937 a multiple of 189?
False
Is 9919643 a multiple of 821?
False
Is 163 a factor of 1903677?
True
Is 3107169 a multiple of 125?
False
Is 7 a factor of 110103?
True
Is 4 a factor of 1498548?
True
Does 19 divide 3855955?
True
Is 131 a factor of 692626?
False
Is 126 a factor of 7462637?
False
Is 11403084 a multiple of 196?
True
Does 14 divide 283767?
False
Is 1130452 a multiple of 10?
False
Is 2298214 a multiple of 37?
False
Is 72000 a multiple of 9?
True
Is 130 a factor of 154487?
False
Is 139972 a multiple of 40?
False
Does 54 divide 112698?
True
Does 337 divide 764605?
False
Is 5622266 a multiple of 2141?
True
Does 920 divide 5391200?
True
Does 440 divide 952600?
True
Is 2819859 a multiple of 21?
True
Is 13117 a multiple of 16?
False
Is 141 a factor of 16295?
False
Does 139 divide 3181497?
False
Is 4 a factor of 29250?
False
Is 424 a factor of 4327093?
False
Is 731 a factor of 15705535?
True
Is 22900224 a multiple of 48?
True
Does 46 divide 1377976?
True
Is 225918 a multiple of 2?
True
Does 10 divide 228411?
False
Is 82 a factor of 12310?
False
Is